{"id":14392,"date":"2021-11-02T09:02:32","date_gmt":"2021-11-02T09:02:32","guid":{"rendered":"https:\/\/sviluppo.mavidalab.it\/faq-items\/hay-que-tener-en-cuenta-algun-factor-particular-a-la-hora-de-elegir-una-sierra-para-el-mecanizado-de-materiales-avanzados-o-especificos-como-el-plastico-reforzado-con-fibra-de-vidrio\/"},"modified":"2021-11-02T09:02:32","modified_gmt":"2021-11-02T09:02:32","slug":"hay-que-tener-en-cuenta-algun-factor-particular-a-la-hora-de-elegir-una-sierra-para-el-mecanizado-de-materiales-avanzados-o-especificos-como-el-plastico-reforzado-con-fibra-de-vidrio","status":"publish","type":"avada_faq","link":"https:\/\/www.wirutex.com\/es\/faq-items\/hay-que-tener-en-cuenta-algun-factor-particular-a-la-hora-de-elegir-una-sierra-para-el-mecanizado-de-materiales-avanzados-o-especificos-como-el-plastico-reforzado-con-fibra-de-vidrio\/","title":{"rendered":"\u00bfHay que tener en cuenta alg\u00fan factor particular a la hora de elegir una sierra para el mecanizado de materiales avanzados o espec\u00edficos (como el pl\u00e1stico reforzado con fibra de vidrio)?"},"content":{"rendered":"<p>El principal factor a tener en cuenta en estos casos es la geometr\u00eda del diente. Dependiendo de la aplicaci\u00f3n espec\u00edfica, tambi\u00e9n pueden variar otras caracter\u00edsticas.<\/p>\n<p>Te recomendamos que te <strong><a href=\"\/es\/ponte-en-contacto\/\" target=\"_blank\" rel=\"noopener\">pongas en contacto directamente con nuestro departamento t\u00e9cnico-comercial<\/a><\/strong> para encontrar la sierra adecuada.<\/p>\n","protected":false},"excerpt":{"rendered":"<p>El principal factor a tener en cuenta en estos casos es la geometr\u00eda del diente. Dependiendo de la aplicaci\u00f3n espec\u00edfica, tambi\u00e9n pueden variar otras caracter\u00edsticas. Te recomendamos que te pongas en contacto directamente  [&#8230;]<\/p>\n","protected":false},"author":10,"featured_media":0,"menu_order":0,"comment_status":"open","ping_status":"open","template":"","format":"standard","meta":{"_acf_changed":false,"footnotes":""},"faq_category":[],"class_list":["post-14392","avada_faq","type-avada_faq","status-publish","format-standard","hentry"],"acf":[],"_links":{"self":[{"href":"https:\/\/www.wirutex.com\/es\/wp-json\/wp\/v2\/avada_faq\/14392","targetHints":{"allow":["GET"]}}],"collection":[{"href":"https:\/\/www.wirutex.com\/es\/wp-json\/wp\/v2\/avada_faq"}],"about":[{"href":"https:\/\/www.wirutex.com\/es\/wp-json\/wp\/v2\/types\/avada_faq"}],"author":[{"embeddable":true,"href":"https:\/\/www.wirutex.com\/es\/wp-json\/wp\/v2\/users\/10"}],"replies":[{"embeddable":true,"href":"https:\/\/www.wirutex.com\/es\/wp-json\/wp\/v2\/comments?post=14392"}],"version-history":[{"count":0,"href":"https:\/\/www.wirutex.com\/es\/wp-json\/wp\/v2\/avada_faq\/14392\/revisions"}],"wp:attachment":[{"href":"https:\/\/www.wirutex.com\/es\/wp-json\/wp\/v2\/media?parent=14392"}],"wp:term":[{"taxonomy":"faq_category","embeddable":true,"href":"https:\/\/www.wirutex.com\/es\/wp-json\/wp\/v2\/faq_category?post=14392"}],"curies":[{"name":"wp","href":"https:\/\/api.w.org\/{rel}","templated":true}]}}

¿Hay que tener en cuenta algún factor particular a la hora de elegir una sierra para el mecanizado de materiales avanzados o específicos (como el plástico reforzado con fibra de vidrio)?

<p>El principal factor a tener en cuenta en estos casos es la geometría del diente. Dependiendo de la aplicación específica, también pueden variar otras características.</p>
<p>Te recomendamos que te <strong><a href="/es/ponte-en-contacto/" target="_blank" rel="noopener">pongas en contacto directamente con nuestro departamento técnico-comercial</a></strong> para encontrar la sierra adecuada.</p>

<p>El principal factor a tener en cuenta en estos casos es la geometría del diente. Dependiendo de la aplicación específica, también pueden variar otras características. Te recomendamos que te pongas en contacto directamente  [&#8230;]</p>
